{"id":15,"date":"2021-09-08T16:13:14","date_gmt":"2021-09-08T14:13:14","guid":{"rendered":"https:\/\/enotnost.si\/blagovnica\/?post_type=product&#038;p=15"},"modified":"2022-07-01T07:44:10","modified_gmt":"2022-07-01T05:44:10","slug":"majica-tdofc","status":"publish","type":"product","link":"https:\/\/enotnost.si\/blagovnica\/product\/majica-tdofc\/","title":{"rendered":"Majica TDOFC"},"content":{"rendered":"<p>Majica iz 100% bomba\u017ea z znakom na\u0161ega podkasta &#8220;Tajno dru\u0161tvo OFC&#8221;, s katerim se je vse skupaj za\u010delo.<\/p>\n","protected":false},"excerpt":{"rendered":"<p>Okvirne velikosti mo\u0161kih majic (v cm)<\/p>\n<p><img decoding=\"async\" loading=\"lazy\" class=\"alignnone size-full wp-image-83\" src=\"https:\/\/enotnost.si\/blagovnica\/wp-content\/uploads\/sites\/2\/2021\/09\/velikosti-m.png\" alt=\"\" width=\"345\" height=\"54\" srcset=\"https:\/\/enotnost.si\/blagovnica\/wp-content\/uploads\/sites\/2\/2021\/09\/velikosti-m.png 345w, https:\/\/enotnost.si\/blagovnica\/wp-content\/uploads\/sites\/2\/2021\/09\/velikosti-m-300x47.png 300w\" sizes=\"(max-width: 345px) 100vw, 345px\" \/><\/p>\n<p>Okvirne velikosti \u017eenskih majic (v cm):<\/p>\n<p><img decoding=\"async\" loading=\"lazy\" class=\"alignnone size-full wp-image-84\" src=\"https:\/\/enotnost.si\/blagovnica\/wp-content\/uploads\/sites\/2\/2021\/09\/velikosti-z.png\" alt=\"\" width=\"303\" height=\"54\" srcset=\"https:\/\/enotnost.si\/blagovnica\/wp-content\/uploads\/sites\/2\/2021\/09\/velikosti-z.png 303w, https:\/\/enotnost.si\/blagovnica\/wp-content\/uploads\/sites\/2\/2021\/09\/velikosti-z-300x53.png 300w\" sizes=\"(max-width: 303px) 100vw, 303px\" \/><\/p>\n","protected":false},"featured_media":85,"template":"","meta":[],"product_cat":[19],"product_tag":[],"_links":{"self":[{"href":"https:\/\/enotnost.si\/blagovnica\/wp-json\/wp\/v2\/product\/15"}],"collection":[{"href":"https:\/\/enotnost.si\/blagovnica\/wp-json\/wp\/v2\/product"}],"about":[{"href":"https:\/\/enotnost.si\/blagovnica\/wp-json\/wp\/v2\/types\/product"}],"wp:featuredmedia":[{"embeddable":true,"href":"https:\/\/enotnost.si\/blagovnica\/wp-json\/wp\/v2\/media\/85"}],"wp:attachment":[{"href":"https:\/\/enotnost.si\/blagovnica\/wp-json\/wp\/v2\/media?parent=15"}],"wp:term":[{"taxonomy":"product_cat","embeddable":true,"href":"https:\/\/enotnost.si\/blagovnica\/wp-json\/wp\/v2\/product_cat?post=15"},{"taxonomy":"product_tag","embeddable":true,"href":"https:\/\/enotnost.si\/blagovnica\/wp-json\/wp\/v2\/product_tag?post=15"}],"curies":[{"name":"wp","href":"https:\/\/api.w.org\/{rel}","templated":true}]}}