{"id":219,"date":"2022-03-24T00:01:46","date_gmt":"2022-03-23T23:01:46","guid":{"rendered":"https:\/\/enotnost.si\/blagovnica\/?post_type=product&#038;p=219"},"modified":"2022-07-15T15:37:02","modified_gmt":"2022-07-15T13:37:02","slug":"zbirka-kolumn-zbirateljska-izdaja","status":"publish","type":"product","link":"https:\/\/enotnost.si\/blagovnica\/product\/zbirka-kolumn-zbirateljska-izdaja\/","title":{"rendered":"ZBIRATELJSKA IZDAJA 3:0 b.b., zbirka kolumn o slovenskem nogometu"},"content":{"rendered":"<p>Zbirateljska izdaja \u010disto prvega pravega izdelka zalo\u017ebe Enotnost, zbirke kolumn na\u0161ega Tima Dobov\u0161ka v trdi vezavi. Omejena izdaja 25 o\u0161tevil\u010denih izvodov.<\/p>\n<p>V knjigi boste na\u0161li izbor njegovih kolumn s spletne strani Enotnosti, ter \u0161e peterice novih, nikdar prej objavljenih. Prav vse se na tak\u0161en ali druga\u010den na\u010din vrtijo okrog slovenskega nogometa.<\/p>\n","protected":false},"excerpt":{"rendered":"<p>3:0 b.b. Tri proti ni\u010d brez boja, formalna oznaka za rezultat nogometne tekme, ki ni bil dose\u017een na igri\u0161\u010du. Zmaga brez golov, tekma brez tekme in nogomet brez nogometa. Rezultat kot inherentni notranji cilj in smoter nogometne igre ter hkrati kot posledica zunanjih povsem nenogometnih dru\u017ebenih dejavnikov. Preplet dru\u017ebe, kulture, ekonomije, politike. Vsega, kar se \u0161portu in nogometu zdi tuje, a mu je v resnici tako zelo bistveno.<\/p>\n<p>Zbirka kolumn Tima Dobov\u0161ka se ukvarja prav s tovrstnimi temami. Prakti\u010dno ne opisuje dogajanja na igri\u0161\u010du, a ne bi mogla biti bolj nogometna. Ukvarja se z dresi, stadioni, prora\u010duni, derbiji, tekmovalnimi sistemi, navija\u010di, filmi in \u0161e marsi\u010dem ter bralcu ponuja poglobljeno in celostno branje o slovenskem nogometu. \u00bbSlovenski nogomet marsi\u010desa nima.\u00ab Zbirka kolumn odslej ni ve\u010d ena od teh stvari.<\/p>\n","protected":false},"featured_media":222,"template":"","meta":[],"product_cat":[31],"product_tag":[32,34,33,36,35],"_links":{"self":[{"href":"https:\/\/enotnost.si\/blagovnica\/wp-json\/wp\/v2\/product\/219"}],"collection":[{"href":"https:\/\/enotnost.si\/blagovnica\/wp-json\/wp\/v2\/product"}],"about":[{"href":"https:\/\/enotnost.si\/blagovnica\/wp-json\/wp\/v2\/types\/product"}],"wp:featuredmedia":[{"embeddable":true,"href":"https:\/\/enotnost.si\/blagovnica\/wp-json\/wp\/v2\/media\/222"}],"wp:attachment":[{"href":"https:\/\/enotnost.si\/blagovnica\/wp-json\/wp\/v2\/media?parent=219"}],"wp:term":[{"taxonomy":"product_cat","embeddable":true,"href":"https:\/\/enotnost.si\/blagovnica\/wp-json\/wp\/v2\/product_cat?post=219"},{"taxonomy":"product_tag","embeddable":true,"href":"https:\/\/enotnost.si\/blagovnica\/wp-json\/wp\/v2\/product_tag?post=219"}],"curies":[{"name":"wp","href":"https:\/\/api.w.org\/{rel}","templated":true}]}}