{"id":33,"date":"2021-09-09T10:07:49","date_gmt":"2021-09-09T08:07:49","guid":{"rendered":"https:\/\/enotnost.si\/blagovnica\/?post_type=product&#038;p=33"},"modified":"2022-07-09T03:26:16","modified_gmt":"2022-07-09T01:26:16","slug":"majica-astronavt","status":"publish","type":"product","link":"https:\/\/enotnost.si\/blagovnica\/product\/majica-astronavt\/","title":{"rendered":"Majica Astronavt"},"content":{"rendered":"<p>Majica iz 100% bomba\u017ea, na kateri je upodobljen astronavt. Simbolizira du\u0161evno stanje, s katerim se prista\u0161i zeleno-belih zlahka poistovetimo: v\u010dasih nas do vesolja odnese od veselja, drugi\u010d bi se od \u017ealosti v njega brezmejni prostranosti najraje skrili pred celim svetom. Odvisno od trenutne situacije na &#8220;sinusoidi razpolo\u017eenja navija\u010da&#8221;.<\/p>\n","protected":false},"excerpt":{"rendered":"<p>Okvirne velikosti mo\u0161kih majic (v cm)<\/p>\n<p><img decoding=\"async\" loading=\"lazy\" class=\"alignnone size-full wp-image-83\" src=\"https:\/\/enotnost.si\/blagovnica\/wp-content\/uploads\/sites\/2\/2021\/09\/velikosti-m.png\" alt=\"\" width=\"345\" height=\"54\" srcset=\"https:\/\/enotnost.si\/blagovnica\/wp-content\/uploads\/sites\/2\/2021\/09\/velikosti-m.png 345w, https:\/\/enotnost.si\/blagovnica\/wp-content\/uploads\/sites\/2\/2021\/09\/velikosti-m-300x47.png 300w\" sizes=\"(max-width: 345px) 100vw, 345px\" \/><\/p>\n<p>Okvirne velikosti \u017eenskih majic (v cm):<\/p>\n<p><img decoding=\"async\" loading=\"lazy\" class=\"alignnone size-full wp-image-84\" src=\"https:\/\/enotnost.si\/blagovnica\/wp-content\/uploads\/sites\/2\/2021\/09\/velikosti-z.png\" alt=\"\" width=\"303\" height=\"54\" srcset=\"https:\/\/enotnost.si\/blagovnica\/wp-content\/uploads\/sites\/2\/2021\/09\/velikosti-z.png 303w, https:\/\/enotnost.si\/blagovnica\/wp-content\/uploads\/sites\/2\/2021\/09\/velikosti-z-300x53.png 300w\" sizes=\"(max-width: 303px) 100vw, 303px\" \/><\/p>\n","protected":false},"featured_media":75,"template":"","meta":[],"product_cat":[19],"product_tag":[],"_links":{"self":[{"href":"https:\/\/enotnost.si\/blagovnica\/wp-json\/wp\/v2\/product\/33"}],"collection":[{"href":"https:\/\/enotnost.si\/blagovnica\/wp-json\/wp\/v2\/product"}],"about":[{"href":"https:\/\/enotnost.si\/blagovnica\/wp-json\/wp\/v2\/types\/product"}],"wp:featuredmedia":[{"embeddable":true,"href":"https:\/\/enotnost.si\/blagovnica\/wp-json\/wp\/v2\/media\/75"}],"wp:attachment":[{"href":"https:\/\/enotnost.si\/blagovnica\/wp-json\/wp\/v2\/media?parent=33"}],"wp:term":[{"taxonomy":"product_cat","embeddable":true,"href":"https:\/\/enotnost.si\/blagovnica\/wp-json\/wp\/v2\/product_cat?post=33"},{"taxonomy":"product_tag","embeddable":true,"href":"https:\/\/enotnost.si\/blagovnica\/wp-json\/wp\/v2\/product_tag?post=33"}],"curies":[{"name":"wp","href":"https:\/\/api.w.org\/{rel}","templated":true}]}}